is -67 + -212?
-279
In base 11, what is 36 - 156?
-120
In base 2, what is -11011101000010000001 + -100?
-11011101000010000101
In base 2, what is 0 + 100100011010100001?
100100011010100001
In base 4, what is -11200032 + 10?
-11200022
In base 3, what is 11 - -1102000001?
1102000012
In base 15, what is 24 - -18d4?
1908
In base 10, what is 88568 + 1?
88569
In base 6, what is 1230 + 20525?
22155
In base 13, what is -87 + 137?
80
In base 2, what is -1010011010000010010100 - -1?
-1010011010000010010011
In base 11, what is 0 + 22117?
22117
In base 9, what is -7 - 312?
-320
In base 14, what is -6 + -4129?
-4131
In base 8, what is 5132 - 612?
4320
In base 2, what is 110 - 1011100111011000?
-1011100111010010
In base 3, what is 102 - -1000122?
1001001
In base 8, what is 270 - 2104?
-1614
In base 13, what is 2a94 + -7?
2a8a
In base 12, what is -7a3 + -a3?
-886
In base 9, what is 2728 + 1467?
4306
In base 14, what is 1414 + -20?
13d4
In base 13, what is 6393a - 0?
6393a
In base 7, what is 5 - -134006?
134014
In base 10, what is 217 + -1235?
-1018
In base 10, what is -74 - -962?
888
In base 14, what is 32 + -288?
-256
In base 5, what is -1212113 - 4?
-1212122
In base 11, what is 17 + -1292?
-1276
In base 14, what is 1d69 + 4?
1d6d
In base 10, what is -1 - 17833?
-17834
In base 7, what is -1241 - 4310?
-5551
In base 11, what is -1 - 4609?
-460a
In base 7, what is 351 - -16030?
16411
In base 3, what is 102110202 - -10?
102110212
In base 5, what is 3 + -314?
-311
In base 6, what is 34032100 - -3?
34032103
In base 4, what is 2 - -111313300?
111313302
In base 2, what is -10 + -11000101110011001?
-11000101110011011
In base 14, what is 5 + -5d257?
-5d252
In base 12, what is 159 + -aaa?
-951
In base 3, what is 11 - 210101220?
-210101202
In base 14, what is 243d4 + 2?
243d6
In base 13, what is -353 - -38?
-318
In base 6, what is -4 - 31131320?
-31131324
In base 15, what is 84 - -2704?
2788
In base 15, what is 2a - -9915?
9940
In base 12, what is -52 + -370?
-402
In base 2, what is 1110111 - -100111111?
110110110
In base 16, what is 0 - 1dc03?
-1dc03
In base 9, what is 0 - 202656?
-202656
In base 10, what is 3 - -5149?
5152
In base 8, what is -1464 + -36?
-1522
In base 6, what is -5 - 44114?
-44123
In base 3, what is 11 + 111202020?
111202101
In base 12, what is 668 + 31b?
987
In base 8, what is -26 + 112374?
112346
In base 16, what is -1af - -12?
-19d
In base 2, what is -11101110 - -1001111000?
110001010
In base 4, what is -1022 - 200020?
-201102
In base 12, what is 82b4a + -16?
82b34
In base 10, what is 2 - -4541?
4543
In base 4, what is 120200123 + -22?
120200101
In base 2, what is 111000 + -10001011?
-1010011
In base 6, what is -542 + 105310?
104324
In base 3, what is 1110012121 + 1212?
1110021110
In base 15, what is 4 - -561a?
561e
In base 15, what is 2c7a7 - -14?
2c7bb
In base 11, what is 21 - -2965?
2986
In base 13, what is 3800 - -3?
3803
In base 14, what is 128d - -69?
1318
In base 4, what is -113102 - -2213?
-110223
In base 8, what is 24755 - -15?
24772
In base 3, what is 2 + 100002222001?
100002222010
In base 15, what is 2cd7d - -3?
2cd81
In base 10, what is -213 + 1232?
1019
In base 3, what is 1102101122120 - 11?
1102101122102
In base 12, what is -1969 + -50?
-19b9
In base 2, what is 1000 + 11001000001110101?
11001000001111101
In base 7, what is 162363 - 1?
162362
In base 13, what is -530 + 266?
-297
In base 16, what is 184 - 172e?
-15aa
In base 11, what is 3 - 69756?
-69753
In base 4, what is 100 - 12211332?
-12211232
In base 7, what is -4 + 100003?
66666
In base 3, what is -102222122 + 222?
-102221200
In base 11, what is -2 - -1a4277?
1a4275
In base 7, what is -10020 - 1?
-10021
In base 4, what is -103301 + 211?
-103030
In base 8, what is 40 + -163?
-123
In base 7, what is 230 - -163?
423
In base 8, what is -3 + 352642?
352637
In base 13, what is 50b - -5b8?
ac6
In base 10, what is 45686 + -6?
45680
In base 15, what is 0 - 3b4ec?
-3b4ec
In base 8, what is 150 - -354?
524
In base 9, what is 4423 - 25?
4387
In base 15, what is c + -156a?
-155d
In base 9, what is -1 - 7411?
-7412
In base 12, what is -154b + -134?
-1683
In base 13, what is -38a1 + -126?
-39c7
In base 5, what is -3 - -41030?
41022
In base 4, what is -3 + -3110213?
-3110222
In base 5, what is 1132331 - -111?
1132442
In base 15, what is -714 - -11?
-703
In base 3, what is 22010200120 + 0?
22010200120
In base 5, what is -10424 + -130?
-11104
In base 6, what is 0 + -404412?
-404412
In base 13, what is -2028 + 4?
-2024
In base 9, what is 0 - 385325?
-385325
In base 14, what is 1a56 - 7?
1a4d
In base 2, what is -100 + 11010101111?
11010101011
In base 16, what is -2 - -b1afc?
b1afa
In base 8, what is 4 - 31634?
-31630
In base 9, what is -22451 + 10?
-22441
In base 5, what is -3002003 + -44?
-3002102
In base 2, what is 11110001111000 + -111?
11110001110001
In base 6, what is 224 - -11400?
12024
In base 6, what is -1 - -34343?
34342
In base 10, what is 13309 + 0?
13309
In base 14, what is 726c8 - -17?
72701
In base 3, what is 220220120212 - 10?
220220120202
In base 11, what is 1 + 1917?
1918
In base 16, what is -3d9 + -181?
-55a
In base 14, what is d - -375c0?
375cd
In base 5, what is -4 - 230144?
-230203
In base 8, what is -162164 + -3?
-162167
In base 8, what is 10 - -1314434?
1314444
In base 14, what is -12 - -2d851?
2d83d
In base 11, what is 1 - -6a?
70
In base 13, what is -3 - b2b07?
-b2b0a
In base 15, what is -e + d87e?
d870
In base 6, what is 5 - -205250?
205255
In base 11, what is 6181 + 9?
618a
In base 7, what is -16242 - 561?
-20133
In base 6, what is 20221 + 204?
20425
In base 13, what is 30335 + -10?
30325
In base 7, what is -4531 + 2453?
-2045
In base 4, what is 0 + -31121?
-31121
In base 11, what is 120 + -1066a?
-1054a
In base 4, what is 3 + 11320110?
11320113
In base 5, what is -33 + 104010?
103422
In base 16, what is 348 + -24?
324
In base 3, what is 2 + -122010?
-122001
In base 8, what is 5 - 4067606?
-4067601
In base 11, what is -91 - 8aa?
-990
In base 11, what is 9a + 350?
43a
In base 6, what is 12 - -3051?
3103
In base 12, what is 3 + 1773b?
17742
In base 14, what is -28c4 + 17?
-28ab
In base 12, what is -445 - b2a?
-1373
In base 13, what is -12a8a + -3?
-12a90
In base 6, what is 1022330 - 11?
1022315
In base 2, what is 101111010110 + -111000?
101110011110
In base 8, what is 112 - 52?
40
In base 9, what is 25 + -63248?
-63223
In base 15, what is -258 + -b5?
-31d
In base 10, what is 62 + -697?
-635
In base 6, what is 201 - -3300?
3501
In base 5, what is -41221 + -112?
-41333
In base 3, what is -10 + -10012021210?
-10012021220
In base 3, what is -1111121 + 22021?
-1012100
In base 6, what is 15405235 + -1?
15405234
In base 3, what is 2111012212 + 22?
2111020011
In base 10, what is 3495 + -2?
3493
In base 12, what is -2 + 291a6?
291a4
In base 13, what is -2791 - -2?
-278c
In base 13, what is -1284 - 8?
-128c
In base 4, what is -10 + 131221213?
131221203
In base 2, what is 1001111000 + -1011110111011?
-1010101000011
In base 15, what is c - 2bb?
-2ae
In base 3, what is 221112 + -120200110?
-112201221
In base 5, what is 122 + -242411?
-242234
In base 16, what is 9ed02 + 2?
9ed04
In base 2, what is -100 - 1110010000111?
-1110010001011
In base 5, what is 1 + -2241040?
-2241034
In base 3, what is -12021 + 1000112?
211021
In base 5, what is -1340414 + 1?
-1340413
In base 14, what is -a4 + -260?
-324
In base 7, what is 344122 + 5?
344130
In base 10, what is 77272 - 3?
77269
In base 12, what is 5 - 108b3?
-108aa
In base 12, what is -3 + 128a?
1287
In base 10, what is 1 + -119597?
-119596
In base 14, what is -35 - c7?
-11c
In base 4, what is -13200 + 2222?
-10312
In base 6, what is 4 - -1052514?
1052522
In base 15, what is -3b648 - 1?
-3b649
In base 14, what is 2a + -2d3c?
-2d12
In base 14, what is 0 - -784c3?
784c3
In base 11, what is -503 + 136?
-378
In base 12, what is -79 - 1825a?
-18317
In base 3, what is 2 - 202112012?
-202112010
In base 7, what is -256432 + 2?
-256430
In base 8, what is -5 - 1752422?
-1752427
In base 10, what is 138 - 79?
59
In base 16, what is 1cb75 - 1?
1cb74
In base 6, what is -5012 + -4345?
-13401
In base 15, what is 0 - e041?
-e041
In base 5, what is 4313 + 1443?
11311
In base 11, what is 2513 - 1?
2512
In base 5, what is 2 + -2103?
-2101
In base 15, what is -1